t*l = 32. Calculate the remainder when l is divided by 6.
4
What is the remainder when 1824/9 - (-4)/12 is divided by 51?
50
Suppose 141 = 2*n + p, -3*p = n - 58 - 20. What is the remainder when n is divided by 12?
9
Suppose 3*i - 39 = 33. Suppose 5*l - 56 - i = -5*k, -4*k + 43 = -3*l. Calculate the remainder when 25 is divided by k.
12
Suppose 22 = -z + 4. Calculate the remainder when 36 is divided by (z/(-1) - -1)*1.
17
Let u be 10*(1 + (-12)/8). Calculate the remainder when -49*(-5 - (u - -1)) is divided by 17.
15
Let c(m) = -m**3 - 3*m**2 - 3*m - 2. Let a be c(-2). Let r be 4/5*(-110)/(-11). Let f = r - a. Calculate the remainder when f is divided by 3.
2
Let b = 12 + -8. Calculate the remainder when b is divided by 28/196 + (-40)/(-14).
1
Suppose 0 = -5*o - i + 23, 3*o - 4*i - 18 = o. What is the remainder when 24 is divided by o?
4
Suppose 4*m - 12 = 32. What is the remainder when m is divided by 4?
3
What is the remainder when 4/(-8)*10*-1 is divided by 1?
0
Suppose -3*g + g = -x - 37, 115 = -4*x - 3*g. Let w = x - -2. Let n = 48 + w. What is the remainder when n is divided by 10?
9
Let m = 131 + -44. What is the remainder when m is divided by 22?
21
Let a(b) be the third derivative of -b**5/60 - 7*b**4/24 - b**3/3 + b**2. Calculate the remainder when 6 is divided by a(-6).
2
Let s = 1 - 0. What is the remainder when 26 is divided by 1/(3/39) + s?
12
Calculate the remainder when 48 is divided by (63/(-12) + 2)/(1/(-4)).
9
Suppose 0 = w + 2*l - 10, -10 = 2*w - 3*w - 3*l. Let f(q) = 0*q**3 - 7 - 2*q + 2*q**2 + 0*q - q**3 - 6*q**2. Calculate the remainder when f(-5) is divided by w.
8
Suppose -26 + 111 = 5*p. What is the remainder when 133 is divided by p?
14
Let u = 62 - 53. What is the remainder when 31 is divided by u?
4
Let g be (5/3)/(3/180). Suppose 3*s - g = -2*s. What is the remainder when s is divided by 7?
6
Let i(g) = 5*g - 6. Let c be -2 - -8 - 2 - 0. Let w(a) = -9*a + 11. Let f(m) = c*w(m) + 7*i(m). Calculate the remainder when f(-6) is divided by 5.
3
Suppose 4*x + 0*x = 0. Let j = 170 + -147. What is the remainder when j is divided by (-4 - x)/2 - -15?
10
Suppose 3*r = -z - 0*r + 16, 2*r + 8 = 0. What is the remainder when z is divided by 15?
13
Suppose c = 4*t - 170, 3*t = t - 8. What is the remainder when (-2)/8 + c/(-8) is divided by 8?
7
Suppose 3*h = -26 - 10. What is the remainder when ((-27)/h)/(2/32) is divided by 19?
17
Let a(y) = -35 + 0*y + 71 - y**2 - y. Suppose -k = d - 4*d + 4, 5*d - 3*k = 12. What is the remainder when a(d) is divided by 13?
10
Suppose 5*n + n = 96. What is the remainder when 30 is divided by n?
14
Suppose 4*s + 0*s = 180. Calculate the remainder when s is divided by 24.
21
Let u = 3 - 10. Let m = 14 + u. Let o(x) = -x - 4. Calculate the remainder when m is divided by o(-8).
3
Suppose 0 = -2*z + 14. Suppose 124 = -3*g + z*g. Let v(o) = -o**3 - 7*o**2 - 10*o + 11. What is the remainder when g is divided by v(-5)?
9
Let h(r) = r**2 + 4*r - 3. Suppose 5*s - 3*x - x - 134 = 0, x = -1. Calculate the remainder when s is divided by h(-6).
8
Let b(k) = 9*k - 9. Let v be b(6). Calculate the remainder when 54 is divided by (-98)/(-5) - 27/v.
16
Let i(z) = -z**2 + 6*z + 11. Let x be i(8). Let c = 7 + x. Suppose 4*h - 7 = 1. Calculate the remainder when c is divided by h.
0
Suppose -3*q = 1 - 7. Let b be 0 + 4*(4 - q). What is the remainder when 26 is divided by b/(-12)*27/(-2)?
8
Let i(s) = 5*s - 2. Let a be i(3). Suppose 8*x - a*x = -175. Calculate the remainder when 102 is divided by x.
32
Suppose -3 = -d, -d = 3*i + i - 31. Let n(o) = 5*o + 4. Calculate the remainder when n(i) is divided by 10.
9
Let g = -116 - -132. Let j(p) = 3*p**2 + 3*p. Calculate the remainder when g is divided by j(-2).
4
Let x be (-18)/(-5) - 6/(-15). Suppose -w = 2 - x. What is the remainder when 58 is divided by 11 + w + (3 - 1)?
13
Let s be ((-2)/(-5))/((-5)/(-75)). Suppose 83 = 5*x - 4*g, s*x - 2*x - 91 = -5*g. Calculate the remainder when 74 is divided by x.
17
Let q = 5 + -8. Let m = q - -7. Suppose 3*c - 4*c - 33 = -4*y, c + 5 = 0. What is the remainder when y is divided by m?
3
Suppose 0 = -4*h - 6*h + 170. Suppose 4*t = 3*t + 20. Suppose t - 167 = -3*o. What is the remainder when o is divided by h?
15
Suppose 0*s - 17 = -s. Suppose 27 = -3*q - 2*k, 35 = -5*q - k - s. Let p = 15 + q. Calculate the remainder when p is divided by 2.
0
What is the remainder when 29 is divided by (-30)/(-3) - (-4)/(-2)?
5
Let a(h) = 5*h**2 + 2*h - 1. Let k(m) be the second derivative of 2*m**3/3 + m. What is the remainder when a(-2) is divided by k(2)?
7
Suppose -5*g + 1093 = 383. What is the remainder when g is divided by 36?
34
Let o = 0 + 24. What is the remainder when 45 is divided by o?
21
Suppose -y = 2, -2*b + y + 46 = 14. Suppose 3*h + 4*n = 64, 2*h + 3*h - 145 = n. What is the remainder when h is divided by b?
13
Let g(u) = 2*u**2 - 1. Let l(i) = 2*i - 15. Let z be l(10). Let w be g(z). Let t = -16 + w. What is the remainder when t is divided by 17?
16
Suppose -u = -2*i - 2, 0*i = 3*i + 4*u - 19. Let m(a) = a - 7. Let o be m(7). Suppose o*w - w = -1. What is the remainder when i is divided by w?
0
Let p = 15 - 9. Let a be ((-2)/6)/((-1)/p). What is the remainder when 2 is divided by (-2 - (-5)/a)*2?
0
What is the remainder when 59/4 - 4/(-16) is divided by 4?
3
Let l(h) = -h**2 + h. Let f(r) = r**2 - 6*r - 4. Let s(t) = -f(t) - 4*l(t). Calculate the remainder when s(-3) is divided by 9.
7
What is the remainder when 5/1 + -2 + 0 + 135 is divided by 14?
12
Let c = 62 - 20. Calculate the remainder when c is divided by 1 + 0 + 63/3.
20
Let m = 226 + -203. Calculate the remainder when m is divided by (6/(-7))/((-2)/14).
5
Let p = 3 + 4. Suppose -4*f - p + 59 = 0. What is the remainder when 25 is divided by f?
12
Suppose 363 = 5*q + 143. Let z = q + -23. Calculate the remainder when 60 is divided by z.
18
Let h = 118 + -106. What is the remainder when 32 is divided by h?
8
Suppose -g + 5*c + 0*c + 59 = 0, 0 = -3*c + 12. Calculate the remainder when g is divided by 21.
16
Suppose -3*o = o - 720. Suppose -4*c - 4*l + o = -0*c, 222 = 5*c + 4*l. Calculate the remainder when c is divided by 11.
9
Suppose -5*n - 23 = -88. What is the remainder when 1/(-2)*-2 + 36 is divided by n?
11
Let w be ((-9)/6 + 2)*92. Suppose p - w = -p. What is the remainder when p is divided by 8?
7
Suppose -4*s - q - 102 = 51, q = 4*s + 143. Let j = -19 - s. Suppose -2*i + 8 + j = 0. Calculate the remainder when i is divided by 5.
3
Let y(l) = -l**3 + 5*l**2 + 7*l + 4. Let c be y(6). Let m = -1 + -5. Let o = c - m. Calculate the remainder when o is divided by 9.
7
Calculate the remainder when 1*(141 - (0 - -2)) - 2 is divided by 23.
22
Let o be (5 + 1)/(-3) - -6. Suppose -5*s = 5*g + 2 + 3, -s = o*g - 5. What is the remainder when 35/s*-3 - 2 is divided by 17?
16
Let b(c) = 5*c - 43. Calculate the remainder when 84 is divided by b(13).
18
Let u(s) = s - 6. Let w be u(6). Suppose w = y + y - 32. What is the remainder when y is divided by 384/66 - 4/(-22)?
4
Suppose 3*w + 0*w = -2*a + 111, -3*w + 93 = -4*a. Calculate the remainder when 65 is divided by w.
30
Let t(g) = -g + 6. Calculate the remainder when 39 is divided by t(-8).
11
Suppose 46 = 5*d + 3*k, 3*d - 3*k - 9 = 9. What is the remainder when 21 is divided by d?
5
Suppose q = -k + 32, 2*k + q = -0*k + 60. Let b = k + -14. Suppose 54 = u + u. Calculate the remainder when u is divided by b.
13
Let z = -2 - -5. Suppose 3*y = -2*g + y + 44, -z*g + 5*y = -98. Suppose 0 = -j - x + 16, -4*j + x + 62 = 4*x. Calculate the remainder when g is divided by j.
12
Let y(c) = -4*c**3 - 2*c**2 + 2*c + 2. Let h be y(-2). Let q = h - 12. Suppose 23 + 6 = i. What is the remainder when i is divided by q?
9
Let c(y) = y**3 + 7*y**2 + 7*y - 2. Let d be c(-5). Suppose d = s + g - 1, -4*g = -3*s + 14. What is the remainder when 28 is divided by s?
8
Let z(b) = b**2 - b + 3. Let a be z(0). Suppose 4*k - 8 = a*k. What is the remainder when 22 is divided by k?
6
What is the remainder when 39 is divided by (1 + 1)/(4/(-336)*-8)?
18
Suppose -8*a + 26 = -6*a. What is the remainder when a is divided by 7?
6
Suppose -2*j + 98 = 26. Let m = -2 + j. Suppose 6 = -2*f + m. What is the remainder when 40 is divided by f?
12
Let x be (16/10)/(14